 d - 1. Give x(j).
19
Let o(i) = -i**2 - 11*i + 1. Let f = -1209 - -1198. What is o(f)?
1
Suppose p + 3*p = -4*a, 2*p = -a + 2. Suppose -5*w + 13 = -p. Let o(z) = -6*z**2 + 3 - 2*z - w*z**2 + 11*z**2. Give o(2).
7
Suppose 4*p - 2*r - 32 = 0, 2*p - 32 = 3*r + 2*r. Let l(i) = i - 19. Let h(w) = 2. Let j(q) = -4*h(q) - l(q). What is j(p)?
5
Let v(k) = -2 - 14 + 6*k - 6 - 4 + 6. Calculate v(4).
4
Let h(m) = 10*m - 5*m**2 + 3*m**2 - 3*m + 13 - 9*m**2. Let u(n) = -7*n**2 + 5*n + 9. Let c(q) = -5*h(q) + 8*u(q). Determine c(6).
1
Let c(z) = 7 - 6*z + 1 - 3 - 3 - z**2. Suppose 7*n = 3*n - 28. Calculate c(n).
-5
Let y(s) be the second derivative of s**5/20 - s**4/12 - s**3/6 - s**2/2 - 164*s. Give y(-3).
-34
Let p(f) = 2*f**2 + 17*f - 17. Let u(g) = -5*g**2 - 37*g + 35. Let y(r) = 7*p(r) + 3*u(r). Determine y(6).
-2
Let w(r) = -7*r**3 + r**2 - 1. Suppose 6*h = 2*h + 4*b, b = 0. Suppose 8 = 3*v - 5*a - 20, h = v + 2*a + 9. Give w(v).
-7
Let x(l) be the third derivative of -l**5/60 + 17*l**3/6 - 6*l**2 - 8. What is x(-5)?
-8
Let b(r) = r. Let f(p) = -3*p + 4. Let g(c) = 3*c - 5. Let u(k) = 3*f(k) + 2*g(k). Let v(s) = -4*b(s) - u(s). Let h be (5/3*3)/(-1). Give v(h).
3
Let s(m) = 13*m**3 - 5*m**2 - 16*m + 3. Let y(t) = -3*t**3 + t**2 + 4*t - 1. Let u(c) = 2*s(c) + 9*y(c). Suppose -1 = -2*h + 3. Calculate u(h).
-7
Let x(y) = -1 + 1 - 8453*y**2 + 8452*y**2 - 11*y. Give x(-10).
10
Let n(t) be the third derivative of -t**6/120 - t**5/12 - t**4/8 + t**3/6 - 233*t**2. Determine n(-2).
-5
Let i(q) = -1. Let x(l) = -l - 4. Let u(g) = 4*i(g) - x(g). Suppose 0*y - 3*y = 0. Determine u(y).
0
Let c(a) be the first derivative of a**5/60 + a**4/8 - 4*a**2 + 7. Let u(v) be the second derivative of c(v). Give u(-3).
0
Let n(l) = l**3 + 8*l**2 + 9*l + 9. Let d(u) = u**3 + 41*u**2 - 7. Let x be d(-41). Determine n(x).
-5
Let f(u) = -u**2 - 7*u + 30. Suppose 28 = -5*n - 22. Let v be f(n). Let k(a) = a - 12. Give k(v).
-12
Let i(d) = -7*d - 35. Let m be i(-6). Let g(r) = r**2 - 7*r. Give g(m).
0
Let y(v) be the third derivative of -v**6/120 + 3*v**5/20 + v**4/3 + 3*v**3/2 - 95*v**2. Calculate y(10).
-11
Let q(j) be the third derivative of 2*j**6/15 + j**5/60 + j**4/12 + j**3/3 - 144*j**2. Determine q(-1).
-15
Let i(t) be the third derivative of t**6/40 + t**4/24 - t**2. Let m be (-16)/4 + 90/(-3). Let w = -33 - m. Calculate i(w).
4
Let a(h) = 5*h**2 + 82*h + 37. Let f(k) = -k**2 - 16*k - 7. Let q(d) = -4*a(d) - 22*f(d). Calculate q(-12).
6
Let v(j) = 2*j - 10. Let l be v(7). Suppose l = -3*b - 5. Let d(p) be the first derivative of p**3 + 5*p**2/2 + 2*p - 2. What is d(b)?
14
Let h(q) = -3*q**2. Let w be h(1). Let s(m) = 4*m**2 + 4*m + 4. Let p(r) = -9*r**2 - 9*r - 10. Let k(z) = 2*p(z) + 5*s(z). Give k(w).
12
Let f(h) be the first derivative of h**5/20 + 5*h**4/12 - h**2 + 47*h + 1. Let t(l) be the first derivative of f(l). What is t(-5)?
-2
Let l(v) = v + 2. Let k be l(-7). Let g(i) = -6 + i**2 - 197*i + 100*i + 0*i**2 + 100*i. What is g(k)?
4
Let v(q) = -q**3 - 5*q**2 - 7. Let c be v(-5). Let x(k) = -2*k - 3. Give x(c).
11
Let g(d) = 1 + 44*d**2 - 22*d**2 - 28*d**2. Let q(z) be the second derivative of -z**3/6 + 3*z**2 + 4*z. Let p be q(7). Determine g(p).
-5
Let v(z) be the second derivative of 7*z**4/4 + z**2/2 - 4*z + 14. What is v(-1)?
22
Let q(d) = 3*d**2 + 5*d. Let r(w) = -14*w**2 - 20*w - 1. Let n(k) = -9*q(k) - 2*r(k). What is n(3)?
-4
Suppose 2*y = 6*y - 24. Let q(a) = -y*a**3 + 3*a**3 - 14*a**3 + 0*a**3. Determine q(-1).
17
Suppose -4*f + 64 = m + m, -2*m = -4*f + 64. Let x(y) = 8*y - f*y - 2 + 7*y. Calculate x(0).
-2
Let l(k) = -108*k - 5. Let z(n) = 235*n + 10. Let f(p) = -13*l(p) - 6*z(p). Suppose q - 2 = 2. Determine f(q).
-19
Let x(b) = b**3 + 9*b**2 + 7*b + 11. Let p be x(-8). Let s(a) = -2*a - 12 - p + 25. What is s(5)?
-16
Let g(t) = -1. Let x(b) = 18*b - 8. Let n(y) = -6*g(y) + x(y). What is n(-3)?
-56
Let w(r) = -r**3 - 12*r**2 - r - 17. Let z be w(-12). Let v(b) = -b**3 - 4*b**2 + 8*b + 7. Give v(z).
-8
Let q(f) = 2*f**2 + 8*f + 18. Let m be q(-3). Let s(d) = -d + 14. Determine s(m).
2
Let a(g) = -2*g**3 + g**2 + 5*g - 5. Let d(l) = -11*l**3 + 2*l**2 - l. Let n be d(1). Let y be ((-64)/80)/(4/n). Let f be a(y). Let s(m) = -m - 5. What is s(f)?
2
Let f(w) = 2*w**2. Let n be f(1). Let c be (n/6)/(1/(-9)). Let s(v) be the third derivative of v**5/60 + v**4/24 - 2*v**3/3 + 3*v**2. Determine s(c).
2
Let q(n) be the first derivative of n**6/20 + n**4/24 - 5*n**3/3 - 40. Let v(j) be the third derivative of q(j). Determine v(1).
19
Let z(v) = 291 - 290 - v - v. Suppose -m - 3*r = -6, 5 = -2*m + 3*m + 2*r. Determine z(m).
-5
Let l(d) = d**2 + 5*d + 8. Let j be 0 + (-19)/4 - 6/(-8). Determine l(j).
4
Let c(b) = 8*b**2 - 3 - 19*b - b**3 + 18*b - b**3 + b**3. What is c(8)?
-11
Let j(u) = u**3 - u**2 - u - 3. Let b be (-3)/((-6)/(-8)) - -3. Let k = 2 - b. Let x(m) = m - 3. Let l be x(k). Calculate j(l).
-3
Let l(r) = -2*r**2 - r - 2. Let u(n) = -2*n**2 - 2*n - 3. Suppose 38 = -4*g + 10. Let v(a) = g*l(a) + 6*u(a). Give v(4).
8
Let n(g) = g**3 + 2*g**2 - 4*g - 1. Let r(o) = o + 2. Let d be r(-5). Let w be n(d). Let l(i) = -67 - i**3 + 132 - 64. Give l(w).
-7
Let c(g) = 3*g - 3. Let h(k) = -2*k**3 - 4*k**2 + 8*k - 10. Let z(o) = o**3 + 4*o**2 - 8*o + 11. Let p(t) = -2*h(t) - 3*z(t). Let x be p(3). What is c(x)?
3
Let j(f) be the first derivative of -f**3/3 + 2*f**2 - f - 15. Let o(p) be the first derivative of j(p). Suppose 2*l = q + 1, 2*l + 2*q = 5*l + 1. Give o(l).
-2
Let z(k) = -1 + 2 + 0. Let s(j) = -7*j**2 - 8*j + 13. Let b(d) = -11*d**2 - 12*d + 20. Let o(g) = 5*b(g) - 8*s(g). Let i(m) = -o(m) - 3*z(m). Determine i(-3).
4
Let b(g) be the third derivative of -g**5/10 - g**4/6 + g**3/3 - 120*g**2 + 3. Give b(-2).
-14
Suppose -5*s - 2 - 27 = -4*i, -12 = 3*i + 3*s. Let c(k) = 4*k**3 - k + 1. Calculate c(i).
4
Let z(y) be the third derivative of y**4/24 + 7*y**3/6 - y**2. Let k be z(-12). Let r(o) = o**3 + 4*o**2 - 8*o - 5. Calculate r(k).
10
Suppose -18*p + 14*p = 4. Let s(d) = 31*d**2 - 2*d - 1. What is s(p)?
32
Let p(o) = 2*o**2 - o - 4. Let n be p(2). Let s(j) be the first derivative of -j + 1/4*j**4 - 1/2*j**n - j**3 - 4. Give s(3).
-4
Let l(k) = 4*k + 7 + 0*k**2 - 2 + 2*k**2 - 7 - k**3 + 4. Calculate l(-3).
35
Let m = 30 - 43. Let k(n) = -2*n - 12. Give k(m).
14
Let q(r) = r**3 + 15*r**2 - 15*r - 1. Let d(m) = 19*m + 953. Let z be d(-51). Determine q(z).
-17
Let p be 36/(-24)*(10/(-3) - -2). Let s = 8 + -5. Let j(h) = 2*h**3 - 4*h + 0*h**2 - s*h**3 + 2*h**2 + 2 + 0. Give j(p).
-6
Let b(d) be the second derivative of -d**5/20 - d**3/6 - 3*d**2/2 - 2*d - 20. Calculate b(0).
-3
Let u be (2/(-6))/(5/45). Let s be (u + 50/15)*0. Let t(n) = -n + 16. What is t(s)?
16
Let p(k) = -k**2 + 8*k + 23. Let g be p(11). Let u(w) = -w**3 - 11*w**2 - 9*w + 12. What is u(g)?
2
Let n be 6/21 - (-36)/21. Suppose n*c + i - 4 = 0, 5*c - 6 - 5 = -2*i. Let p(j) = -6*j + 1. Give p(c).
-17
Suppose 0*v + 5*v = -m + 42, 0 = 3*v - 3*m - 18. Let q(n) = n**2 - 5*n - 19. Give q(v).
5
Suppose 0*c + 12 = -2*c. Let p(k) = 11*k + 11. Let a(s) = 7*s + 7. Let z(q) = -8*a(q) + 5*p(q). Let y(n) = -3*n - 6. Let d(h) = -y(h) + z(h). Calculate d(c).
-7
Let y(o) = -o - 5. Let k = 0 + 32. Suppose -k = 5*c + 3. Let p = c + 3. What is y(p)?
-1
Let n be (2/(-4))/(63/(-56) - -1). Let r(j) = j**3 - 5*j**2 + j + 3. What is r(n)?
-9
Suppose -3*s - 5 = -11. Let w = -1 + 4. Suppose s = w*i + 5. Let v(j) = 8*j. Determine v(i).
-8
Let o(f) be the first derivative of -3*f**2/2 - f - 107. Calculate o(1).
-4
Let u(x) = -x**2 - 4*x + 4. Let l be 1/1 - 40/8. Give u(l).
4
Let s(j) = -j**3 + 7*j**2 + 9*j - 11. Let g(h) = -9*h - 55. Let m be g(-7). Determine s(m).
-3
Let y(l) = 7 - 83*l - 82*l + 168*l. Calculate y(-5).
-8
Let v(o) = o**2 - o - 6. Let a be v(0). Let f = -29 + 64. Let g(u) = u**3 + f*u - 35*u + 5*u**2 + u**2. Give g(a).
0
Let w(t) = t**2 + 6*t - 4. Let y be 11136/(-1160) + (-1)/5*2. Determine w(y).
36
Let u(y) = -y**3 + 7*y**2 - 4*y - 7. Let v = -49 - -51. Suppose -5*i + 4*x + 38 = 0, -v*i - 5*x + 3*x = -8. Give u(i).
5
Let r(v) = v - 1. Let k be r(6). Let q(n) = 8*n - 3. Let i(w) = -15*w + 5. Let a(o) = k*q(o) + 3*i(o). Give a(-1).
5
Let p be (8/12)/(1/(-15)). Let x = p - -6. Let t(n) = n - 5. Let c be 